d derivative of -s**6/120 - s**5/12 + s**4/4 - s**3 - 24*s**2. Give x(q).
-6
Suppose 0 = -9*z - 6*z + 75. Let y(v) = -v + 2*v - 3*v**2 + 12 - 11 - v**3 + z*v. Let x be -3*(8/6 + 0). Determine y(x).
-7
Let s be -1 - (1/(-1))/(-1). Let x(w) = -17*w + 10*w - 59 + 60. Give x(s).
15
Let g(q) = q + 3. Let r(p) = 9*p + 108. Let m be r(-12). Give g(m).
3
Let s(g) = 4*g - 2. Let c(r) = -r - 1. Let o(p) = 5*c(p) + s(p). Suppose 0 = -2*a - 4*y + 2*y - 2, 5*y - 5 = -3*a. Calculate o(a).
-2
Let s(g) = 2*g**2 + 15*g + 13. Let q(z) = -z**2 - 7*z - 6. Let r(x) = -13*q(x) - 6*s(x). What is r(3)?
12
Let z(m) = -5*m + 5. Let n(o) = 5*o - 5. Let w(h) = -11*h + 11. Let u(q) = -9*n(q) - 4*w(q). Let p(y) = -11*u(y) + 2*z(y). Let a = -1 - 3. What is p(a)?
-5
Let i(g) = 4*g - 209. Let f(q) = -5*q + 246. Let l(r) = -6*f(r) - 7*i(r). Let z = 10 - 1. Calculate l(z).
5
Let g(c) = c**2 - 18*c + 4. Let j be (-268)/2546 - (-344)/19*1. Calculate g(j).
4
Let n(d) be the second derivative of -d**4/24 - d**3/2 + d**2 - 3*d. Let q(u) be the first derivative of n(u). Let o be -3 - 0 - (8 - 4). What is q(o)?
4
Let q(y) = -8*y**2 - y + 1. Let i(s) = -s + 10. Let m be i(6). Suppose 2*z - m = -2. Let r be 2 + -3 + (z - -1). Calculate q(r).
-8
Suppose 15 = -3*q - 3. Suppose 0 = 2*w + 46 - 10. Let a(z) = 6*z + 6. Let r(s) = 21*s + 21. Let h(c) = w*a(c) + 5*r(c). What is h(q)?
15
Let g(k) = k**2 + 1. Suppose d = -2*d - 3. Let l(s) = s**3 - s**2 - s - 6. Let m(a) = d*l(a) - g(a). Let h = -5 - -5. Calculate m(h).
5
Suppose -2*y - 10 = -7*y. Let v(h) = -2*h + 14 - 9 + y*h - h. Give v(6).
-1
Let w be (-1 - 4/(-6))*(1 - 124). Let v(c) = 76 - 37 - 4*c - 4*c**2 - w - 2*c**3. Calculate v(-2).
6
Let n(s) = -s**3 - 9*s**2 - 10*s - 8. Suppose 0 = -2*u + 4*a - 26, -u - 2*u - a = 18. Calculate n(u).
-36
Let t(d) = -d**2 + 3*d - 2. Let q be t(3). Let v = -21 - -14. Let a be (-3 + v)*(-1)/q. Let p(n) = -n**3 - 6*n**2 - 4*n + 7. Determine p(a).
2
Suppose 0 = 4*q + 4*m + 5 - 17, 5*q - 2*m = -6. Let w(o) = -o**3 + o**2 + o + 6. Calculate w(q).
6
Suppose -16*q = -47 - 65. Let b(h) = -h**2 + 9*h - 2. Determine b(q).
12
Suppose 4*t - 5*t - 16 = 0. Let p be -1 + t/(4 + -8). Let f(u) = -3*u + u**2 - p*u + 0 + 3 + 3. What is f(4)?
-2
Let n(h) be the first derivative of 13*h**4/4 - 2*h**3/3 + h**2/2 - 7. Let q be ((-1)/3)/((-4)/12). What is n(q)?
12
Let n(m) be the second derivative of 2*m**3/3 - 15*m**2/2 + 2*m + 2. Determine n(6).
9
Let c(z) = -z**2 - 1. Suppose -4*q - 3*t = -4, 2*t - 4 = -4*q - 2*t. Calculate c(q).
-2
Let n be 52/(-14) - (-2)/(-7). Let i be (2 - 3 - -2)*(1 + 0). Let o(a) = 0 - 2*a + 3 + a - i. What is o(n)?
6
Let r(l) = -6*l**2 + 4 + 10*l + 5*l**2 - l**2 + 3*l**2 - 2. What is r(-8)?
-14
Let c(t) = 9*t + 13. Let n(s) = 39*s + 54. Let u(b) = -9*c(b) + 2*n(b). Determine u(-5).
6
Let m(r) = 7*r + 12. Let g(k) = -6*k - 11. Let x(n) = -6*g(n) - 5*m(n). Let f(z) = -14*z - 64. Let h be f(-5). What is x(h)?
12
Suppose -o = -7*o. Suppose o = -0*z + z - 3. Suppose 4*n = v - 8, 2*n + z - 5 = -v. Let d(x) = -x - 1. What is d(v)?
-5
Suppose -m + 5*q + 0*q = -1, 5*m - 125 = -5*q. Let g = m - 21. Let b(t) = -5*t + t + g - 2 + 3*t. Give b(5).
-7
Let u(r) be the first derivative of r**2/2 + 2. Let l(a) = -2*a**3 + 8*a**3 - 7*a**3 - 5*a**2. Let o be l(-5). Give u(o).
0
Let a(t) = -22 - t**2 - 14 + 24 + 8*t. Determine a(8).
-12
Let t(a) = a**3 + 5*a**2 - 2*a - 3. Let v(p) = p**2 + 8*p + 2. Let o(i) = -i**3 - i**2 - 2*i. Let z be o(0). Suppose -w = 7 - z. Let n be v(w). Determine t(n).
7
Let o(n) = -n - 1. Let f be ((-18)/(-24))/((-1)/8). Let y be -1 + 2*(-21)/f. Suppose y*h = h - 5. Give o(h).
0
Let a(v) = -4*v**2 - 2*v - 3. Let m(b) = -4*b**2 - b - 3. Suppose u = -0*u + 3*z - 8, -28 = -3*u - 4*z. Let w(r) = u*m(r) - 3*a(r). Calculate w(2).
-15
Suppose 7*y = 44 - 23. Suppose 0 = -8*h - y - 5. Let g(a) = 2*a**2 - 1. Give g(h).
1
Let p(w) = 11*w - 13. Let m(k) = -24*k + 26. Let q(f) = 3*m(f) + 7*p(f). Determine q(6).
17
Let l(h) = -12*h**3 - 24*h**2 + 8*h + 19. Let c(w) = -10*w**3 - 23*w**2 + 8*w + 17. Let i(n) = -7*c(n) + 6*l(n). Calculate i(8).
-5
Let b(q) = -q**2 + 7. Let i = 682 + -685. Determine b(i).
-2
Let b(d) = 3*d + 2*d**2 + 7*d**3 - d - d**2 + 0*d**3 - 5*d**3 + 1. Determine b(-1).
-2
Let j(y) = y - 12. Suppose 2*t = -4*f + f - 30, -3*f + 3*t - 15 = 0. Let b(q) = -2*q + 18. Let i(o) = f*j(o) - 5*b(o). Calculate i(-4).
-2
Let k(y) = 237 - 235 - 4*y**2 + 14*y + y**3 + 18*y**2. Determine k(-13).
-11
Let a(f) = -f**2 + f. Let m(q) = 3*q**2 - 5*q + 4. Let d(y) = -4*a(y) - m(y). Let v = -10 - -6. What is d(v)?
8
Let f(w) be the second derivative of -5*w**3/6 - 13*w**2/2 - 37*w. What is f(-4)?
7
Suppose -3*v + 18 = 4*r, -12*r + 5*v - 14 = -16*r. Let g(l) = -3*l + 12. Determine g(r).
-6
Suppose -l - 2*l = -15, -4*m = -2*l - 6. Suppose 0 = -9*u + 16*u - 42. Let r(z) = -15 + u - 4*z**2 + 12 + 5*z**2 - 6*z. What is r(m)?
-5
Let s(y) = -20*y**3 - 15*y**2 - 12*y - 1. Let x(l) = -7*l**3 - 5*l**2 - 4*l. Let v be 4/(-22) - 189/(-11). Let f(j) = v*x(j) - 6*s(j). What is f(-4)?
6
Let t(n) = 6*n + 55. Suppose 12*d = 4*y + 10*d + 38, 4*y - 3*d + 39 = 0. Calculate t(y).
1
Let w(b) = -b - 9. Let g(u) = 2*u + 17. Let q(j) = -12*j - 1. Let z be q(-1). Let t(f) = z*w(f) + 6*g(f). Suppose h = -0*h + 4. Calculate t(h).
7
Let y(v) = -3 + v + 2 - 2*v. Let m be -6*((-2)/(-8))/(52/104). What is y(m)?
2
Let f(t) = 35*t - 3. Let p(v) = -24*v + 2. Let j(n) = 5*f(n) + 7*p(n). Determine j(-1).
-8
Let x(v) be the second derivative of v**3/6 - 17*v**2/2 - 4*v + 86. Calculate x(8).
-9
Let k be 4/(-6) + 494/39. Suppose 42 = 5*v - k*v. Let w(y) = y**2 + 5*y - 3. What is w(v)?
3
Suppose -x - 38 = 5*j, -2*j - 20 = -7*x + 9*x. Let d(r) = r + 5. Give d(j).
-2
Let k be (-4)/6 + (-80)/(-12). Let x(d) = -12*d**3 - 5*d**2 - 7*d + 12. Let q(y) = -5*y**3 - 3*y**2 - 3*y + 6. Let v(a) = -7*q(a) + 3*x(a). Give v(k).
-6
Let y be 6/2*(-7)/(-42)*8. Let h(i) = i - 2. Let n be h(y). Let c(b) = 2*b - 1. What is c(n)?
3
Let j(d) = -d**2 - 4*d + 7. Let y(c) be the second derivative of c**4/12 + c**3/2 - 7*c**2/2 + 8*c. Let p(h) = 4*j(h) + 5*y(h). Give p(0).
-7
Let t(l) = 7. Let r(o) = o. Let v(h) = -r(h) + t(h). Let m(x) = x**2 + 9*x - 5. Let j(d) = d - 18. Let z be j(8). Let g be m(z). Determine v(g).
2
Let j be ((-3)/2)/(18/24). Let g(o) = o**3 - 2*o - 2. What is g(j)?
-6
Suppose 4*n - m + 21 = 0, 3*n = -3*m - m - 30. Let i(w) = -w**3 + 0*w + 3541*w**2 - 3546*w**2 - 6 + 4*w. Determine i(n).
6
Let z(c) = -c**2 - 3*c + 6. Let x = 65 - 65. Suppose x = -3*v - 27 + 6. Determine z(v).
-22
Let x = -16 + 10. Let o = 8 + x. Let t(y) = -y**o - 1 + 2 + 3 - 2 - y. What is t(2)?
-4
Let o(l) = -5*l**2 + 4*l + 7. Let m(z) = 22*z**2 - 14*z - 28. Let d(t) = -2*m(t) - 9*o(t). Determine d(8).
-7
Let n(r) = -r**3 + r - 1. Let w(o) = 4*o**3 + 6*o**2 - 10*o + 5. Let s(i) = 5*n(i) + w(i). Let t be 0/(3*2/6). Suppose t = 2*b - 4*b + 10. Calculate s(b).
0
Let m = -229 + 232. Let z(s) = s**3 - s**2 - s + 4. Calculate z(m).
19
Let h be (-3)/((-18)/(-30)) + 0. Let a(o) = -o**2 - 4*o - 1. What is a(h)?
-6
Let k(c) = c**3 + 2*c**2 - 2*c - 2. Suppose 3*x + 7*x = -20. Calculate k(x).
2
Suppose 0 = -3*y - b - 11, -2*b + 3*b = 2*y - 1. Let f(u) = u. Let a(m) = m. Let l(o) = 6*a(o) - 5*f(o). What is l(y)?
-2
Let u(y) = -2*y - 5*y**2 + 10 - 61 + 14 + 29 + 10. Give u(-3).
-37
Let g = -1 - 0. Suppose 2*o - 5*o = -12. Let l(d) = 2*d - 1 + 6*d**2 - o*d - 22*d**2. Give l(g).
-15
Let v be (-21)/(-14) - (-6)/4. Let l(q) = q**2 - 12*q - 11*q + 0*q**2 - v + 20*q. Calculate l(3).
-3
Let v = 1018 + -1017. Let f(w) = 8*w**2 - 2*w + 1. What is f(v)?
7
Let a be (-976)/(-164) + (-22)/(-451). Let m(h) = h**2 - 3*h - 19. Calculate m(a).
-1
Let g(f) = -2*f**2 - 11*f - 10. Let d be g(-4). Let k(s) = d - s + 7*s - 1 - s. Give k(1).
6
Let z(a) be the third derivative of -19*a**2 - 1/120*a**6 + 0*a - 5/12*a**4 + 1/5*a**5 + 0 - 13/6*a**3. What is z(11)?
-2
Suppose -4*p + 3*k = -18, -4 = -2*p - 0*k - k. Let i(s) be the second derivative of -5*s**3/6 + 2*s**2 - 37*s. Give i(p).
-11
Let n(c) = c**2 + 12*c - 16. Let f(o) = o - 1. Let q(k) = -6*f(k) + n(k). Let i(s) = 0 + 2 - 3 + 2 - 4*s. Let t be i(2). Calculate q(t).
-3
Let c(f) be the second derivative of -f**4/12 - 7*f**3/2 + 45*f**2/2 - 43*f. Calculate c(-23).
-1
Le